{"id":6682,"date":"2025-08-16T17:10:59","date_gmt":"2025-08-16T15:10:59","guid":{"rendered":"https:\/\/bajkowydworek.com\/zlobek\/?page_id=6682"},"modified":"2025-08-16T17:12:21","modified_gmt":"2025-08-16T15:12:21","slug":"na-plazy-tydzien-vii","status":"publish","type":"page","link":"https:\/\/bajkowydworek.com\/zlobek\/?page_id=6682","title":{"rendered":"Na pla\u017cy &#8211; tydzie\u0144 VII"},"content":{"rendered":"<p style=\"text-align: justify;\"><img loading=\"lazy\" decoding=\"async\" class=\"aligncenter  wp-image-6683\" src=\"https:\/\/bajkowydworek.com\/zlobek\/wp-content\/uploads\/2025\/08\/na-plazy.jpg\" alt=\"\" width=\"215\" height=\"160\">W tym tygodniu w naszej przedszkolu by\u0142o prawdziwe pla\u017cowanie! Dzieci doskonale si\u0119 bawi\u0142y. By\u0142o mn\u00f3stwo \u015bmiechu, kolor\u00f3w i letniego luzu \u2013 tak w\u0142a\u015bnie wygl\u0105da\u0142 miniony tydzie\u0144!<\/p>\nngg_shortcode_0_placeholder\n","protected":false},"excerpt":{"rendered":"<p>W tym tygodniu w naszej przedszkolu by\u0142o prawdziwe pla\u017cowanie! Dzieci doskonale si\u0119 bawi\u0142y. By\u0142o mn\u00f3stwo \u015bmiechu, kolor\u00f3w i letniego luzu \u2013 tak w\u0142a\u015bnie wygl\u0105da\u0142 miniony tydzie\u0144!<\/p>\n","protected":false},"author":1,"featured_media":0,"parent":4413,"menu_order":0,"comment_status":"closed","ping_status":"closed","template":"szablon-galeria-submenu.php","meta":{"ngg_post_thumbnail":0,"footnotes":""},"class_list":["post-6682","page","type-page","status-publish","hentry"],"_links":{"self":[{"href":"https:\/\/bajkowydworek.com\/zlobek\/index.php?rest_route=\/wp\/v2\/pages\/6682","targetHints":{"allow":["GET"]}}],"collection":[{"href":"https:\/\/bajkowydworek.com\/zlobek\/index.php?rest_route=\/wp\/v2\/pages"}],"about":[{"href":"https:\/\/bajkowydworek.com\/zlobek\/index.php?rest_route=\/wp\/v2\/types\/page"}],"author":[{"embeddable":true,"href":"https:\/\/bajkowydworek.com\/zlobek\/index.php?rest_route=\/wp\/v2\/users\/1"}],"replies":[{"embeddable":true,"href":"https:\/\/bajkowydworek.com\/zlobek\/index.php?rest_route=%2Fwp%2Fv2%2Fcomments&post=6682"}],"version-history":[{"count":1,"href":"https:\/\/bajkowydworek.com\/zlobek\/index.php?rest_route=\/wp\/v2\/pages\/6682\/revisions"}],"predecessor-version":[{"id":6684,"href":"https:\/\/bajkowydworek.com\/zlobek\/index.php?rest_route=\/wp\/v2\/pages\/6682\/revisions\/6684"}],"up":[{"embeddable":true,"href":"https:\/\/bajkowydworek.com\/zlobek\/index.php?rest_route=\/wp\/v2\/pages\/4413"}],"wp:attachment":[{"href":"https:\/\/bajkowydworek.com\/zlobek\/index.php?rest_route=%2Fwp%2Fv2%2Fmedia&parent=6682"}],"curies":[{"name":"wp","href":"https:\/\/api.w.org\/{rel}","templated":true}]}}