{"id":6001,"date":"2025-06-05T23:19:44","date_gmt":"2025-06-05T21:19:44","guid":{"rendered":"https:\/\/bajkowydworek.com\/zlobek\/?page_id=6001"},"modified":"2025-06-05T23:20:51","modified_gmt":"2025-06-05T21:20:51","slug":"piknik-rodzinny","status":"publish","type":"page","link":"https:\/\/bajkowydworek.com\/zlobek\/?page_id=6001","title":{"rendered":"Piknik Rodzinny"},"content":{"rendered":"<p style=\"text-align: justify;\"><a href=\"https:\/\/bajkowydworek.com\/zlobek\/wp-content\/uploads\/2023\/06\/piknik_rodzinny.gif\" rel=\"lightbox[6001]\"><img loading=\"lazy\" decoding=\"async\" class=\"wp-image-4091 alignleft\" src=\"https:\/\/bajkowydworek.com\/zlobek\/wp-content\/uploads\/2023\/06\/piknik_rodzinny.gif\" alt=\"\" width=\"288\" height=\"160\"><\/a>4 czerwca 2025 r. w naszym ogrodzie odby\u0142 si\u0119 Piknik Rodzinny, kt\u00f3ry by\u0142 uczczeniem Dnia Mamy, Dnia Dziecka i nadchodz\u0105cego Dnia Taty. Impreza rozpocz\u0119\u0142a si\u0119 o godzinie 10:00 i trwa\u0142a do godziny 12:00 a towarzyszy\u0142a jej pi\u0119kna pogoda. Do ogrodu przyby\u0142y dzieci wraz ze swoimi rodzicami i rodze\u0144stwem. By\u0142y wsp\u00f3lne zabawy, ta\u0144ce i wiele rado\u015bci. Atrakcji by\u0142o mn\u00f3stwo, a przede wszystkim wyst\u0119py naszych wychowank\u00f3w. Rodzice otrzymali upominki przygotowane przez dzieci. Na maluchy czeka\u0142y kolorowe balony. Niezwyk\u0142\u0105 popularno\u015bci\u0105 cieszy\u0142 si\u0119 tak\u017ce pokaz baniek mydlanych. Nie zabrak\u0142o r\u00f3wnie\u017c pocz\u0119stunku. Dla wszystkich by\u0142 grill, sa\u0142atki, przepyszne ciasta, ciasteczka i babeczki przygotowane przez rodzic\u00f3w. Dzieci i rodzice mogli w ten spos\u00f3b uczci\u0107 swoje \u015bwi\u0119to. Mamy dla Was spor\u0105 porcj\u0119 zdj\u0119\u0107 z tego wydarzenia. Zobaczcie w naszej fotogalerii, jak \u015bwietnie si\u0119 bawili\u015bmy.<\/p>\nngg_shortcode_0_placeholder\n","protected":false},"excerpt":{"rendered":"<p>4 czerwca 2025 r. w naszym ogrodzie odby\u0142 si\u0119 Piknik Rodzinny, kt\u00f3ry by\u0142 uczczeniem Dnia Mamy, Dnia Dziecka i nadchodz\u0105cego Dnia Taty. Impreza rozpocz\u0119\u0142a si\u0119 o godzinie 10:00 i trwa\u0142a do godziny 12:00 a towarzyszy\u0142a jej pi\u0119kna pogoda. Do ogrodu przyby\u0142y dzieci wraz ze swoimi rodzicami i rodze\u0144stwem. By\u0142y wsp\u00f3lne zabawy, ta\u0144ce i wiele rado\u015bci. [&hellip;]<\/p>\n","protected":false},"author":1,"featured_media":0,"parent":4413,"menu_order":0,"comment_status":"closed","ping_status":"closed","template":"szablon-galeria-submenu.php","meta":{"ngg_post_thumbnail":0,"footnotes":""},"class_list":["post-6001","page","type-page","status-publish","hentry"],"_links":{"self":[{"href":"https:\/\/bajkowydworek.com\/zlobek\/index.php?rest_route=\/wp\/v2\/pages\/6001","targetHints":{"allow":["GET"]}}],"collection":[{"href":"https:\/\/bajkowydworek.com\/zlobek\/index.php?rest_route=\/wp\/v2\/pages"}],"about":[{"href":"https:\/\/bajkowydworek.com\/zlobek\/index.php?rest_route=\/wp\/v2\/types\/page"}],"author":[{"embeddable":true,"href":"https:\/\/bajkowydworek.com\/zlobek\/index.php?rest_route=\/wp\/v2\/users\/1"}],"replies":[{"embeddable":true,"href":"https:\/\/bajkowydworek.com\/zlobek\/index.php?rest_route=%2Fwp%2Fv2%2Fcomments&post=6001"}],"version-history":[{"count":1,"href":"https:\/\/bajkowydworek.com\/zlobek\/index.php?rest_route=\/wp\/v2\/pages\/6001\/revisions"}],"predecessor-version":[{"id":6002,"href":"https:\/\/bajkowydworek.com\/zlobek\/index.php?rest_route=\/wp\/v2\/pages\/6001\/revisions\/6002"}],"up":[{"embeddable":true,"href":"https:\/\/bajkowydworek.com\/zlobek\/index.php?rest_route=\/wp\/v2\/pages\/4413"}],"wp:attachment":[{"href":"https:\/\/bajkowydworek.com\/zlobek\/index.php?rest_route=%2Fwp%2Fv2%2Fmedia&parent=6001"}],"curies":[{"name":"wp","href":"https:\/\/api.w.org\/{rel}","templated":true}]}}