{"id":5652,"date":"2025-04-20T10:32:42","date_gmt":"2025-04-20T08:32:42","guid":{"rendered":"https:\/\/bajkowydworek.com\/zlobek\/?page_id=5652"},"modified":"2025-04-20T10:34:09","modified_gmt":"2025-04-20T08:34:09","slug":"sniadanko-wielkanocne-2","status":"publish","type":"page","link":"https:\/\/bajkowydworek.com\/zlobek\/?page_id=5652","title":{"rendered":"\u015aniadanko Wielkanocne"},"content":{"rendered":"<p style=\"text-align: justify;\"><img loading=\"lazy\" decoding=\"async\" class=\"alignleft  wp-image-3700\" src=\"https:\/\/bajkowydworek.com\/zlobek\/wp-content\/uploads\/2022\/04\/sniadanko-wielkanocne.jpg\" alt=\"\" width=\"213\" height=\"160\">Wielkanoc to najstarsze i najwa\u017cniejsze \u015bwi\u0119to chrze\u015bcija\u0144skie maj\u0105ce bogat\u0105 tradycj\u0119 i liczne religijne obrz\u0119dy. Jednym z nich jest uroczyste \u015bniadanie, kt\u00f3re poprzedza sk\u0142adanie sobie \u017cycze\u0144 oraz dzielenie si\u0119 jajkiem. R\u00f3wnie\u017c w naszej plac\u00f3wce ta tradycja jest kultywowana. W \u015brod\u0119, 16 kwietnia 2025 r. dzieci wraz z paniami zasiad\u0142y do \u015bniadania wielkanocnego. Dzieci aktywnie w\u0142\u0105czy\u0142y si\u0119 w przygotowanie \u015bwi\u0105tecznego sto\u0142u. Na stole pojawi\u0142y si\u0119 tradycyjne wielkanocne przysmaki &#8211; jajka, pasztet, szynka. Nie zabrak\u0142o tak\u017ce symboli wielkanocnych oraz pi\u0119knych stroik\u00f3w z bazi i bukszpanu oznaczaj\u0105cych przyrod\u0119, kt\u00f3ra budzi si\u0119 do \u017cycia. W tym dniu dzieci obejrza\u0142y przedstawienie wiosenno-\u015bwi\u0105teczne i utrwali\u0142y tradycje oraz zwyczaje dotycz\u0105ce \u015awiat Wielkanocnych. Nast\u0119pnie dzieci zabra\u0142y si\u0119 do wykonania wielkanocnej ozdoby. Ten dzie\u0144 mia\u0142 wyj\u0105tkowy charakter, a uroczyste \u015bniadanie wywo\u0142a\u0142o mi\u0142e i niezapomniane doznania, kt\u00f3re na d\u0142ugo pozostan\u0105 w pami\u0119ci wszystkich dzieci.<\/p>\nngg_shortcode_0_placeholder\n","protected":false},"excerpt":{"rendered":"<p>Wielkanoc to najstarsze i najwa\u017cniejsze \u015bwi\u0119to chrze\u015bcija\u0144skie maj\u0105ce bogat\u0105 tradycj\u0119 i liczne religijne obrz\u0119dy. Jednym z nich jest uroczyste \u015bniadanie, kt\u00f3re poprzedza sk\u0142adanie sobie \u017cycze\u0144 oraz dzielenie si\u0119 jajkiem. R\u00f3wnie\u017c w naszej plac\u00f3wce ta tradycja jest kultywowana. W \u015brod\u0119, 16 kwietnia 2025 r. dzieci wraz z paniami zasiad\u0142y do \u015bniadania wielkanocnego. Dzieci aktywnie w\u0142\u0105czy\u0142y si\u0119 [&hellip;]<\/p>\n","protected":false},"author":1,"featured_media":0,"parent":4413,"menu_order":0,"comment_status":"closed","ping_status":"closed","template":"szablon-galeria-submenu.php","meta":{"ngg_post_thumbnail":0,"footnotes":""},"class_list":["post-5652","page","type-page","status-publish","hentry"],"_links":{"self":[{"href":"https:\/\/bajkowydworek.com\/zlobek\/index.php?rest_route=\/wp\/v2\/pages\/5652","targetHints":{"allow":["GET"]}}],"collection":[{"href":"https:\/\/bajkowydworek.com\/zlobek\/index.php?rest_route=\/wp\/v2\/pages"}],"about":[{"href":"https:\/\/bajkowydworek.com\/zlobek\/index.php?rest_route=\/wp\/v2\/types\/page"}],"author":[{"embeddable":true,"href":"https:\/\/bajkowydworek.com\/zlobek\/index.php?rest_route=\/wp\/v2\/users\/1"}],"replies":[{"embeddable":true,"href":"https:\/\/bajkowydworek.com\/zlobek\/index.php?rest_route=%2Fwp%2Fv2%2Fcomments&post=5652"}],"version-history":[{"count":1,"href":"https:\/\/bajkowydworek.com\/zlobek\/index.php?rest_route=\/wp\/v2\/pages\/5652\/revisions"}],"predecessor-version":[{"id":5653,"href":"https:\/\/bajkowydworek.com\/zlobek\/index.php?rest_route=\/wp\/v2\/pages\/5652\/revisions\/5653"}],"up":[{"embeddable":true,"href":"https:\/\/bajkowydworek.com\/zlobek\/index.php?rest_route=\/wp\/v2\/pages\/4413"}],"wp:attachment":[{"href":"https:\/\/bajkowydworek.com\/zlobek\/index.php?rest_route=%2Fwp%2Fv2%2Fmedia&parent=5652"}],"curies":[{"name":"wp","href":"https:\/\/api.w.org\/{rel}","templated":true}]}}