{"id":5182,"date":"2025-02-18T13:48:48","date_gmt":"2025-02-18T12:48:48","guid":{"rendered":"https:\/\/bajkowydworek.com\/zlobek\/?page_id=5182"},"modified":"2025-02-18T14:02:07","modified_gmt":"2025-02-18T13:02:07","slug":"u-nas-w-zlobku-jest-wesolo","status":"publish","type":"page","link":"https:\/\/bajkowydworek.com\/zlobek\/?page_id=5182","title":{"rendered":"U nas w \u017c\u0142obku jest weso\u0142o!"},"content":{"rendered":"<p style=\"text-align: justify;\"><img loading=\"lazy\" decoding=\"async\" class=\"alignleft  wp-image-5184\" src=\"https:\/\/bajkowydworek.com\/zlobek\/wp-content\/uploads\/2025\/02\/dzieci_zabawa.png\" alt=\"\" width=\"237\" height=\"160\" srcset=\"https:\/\/bajkowydworek.com\/zlobek\/wp-content\/uploads\/2025\/02\/dzieci_zabawa.png 512w, https:\/\/bajkowydworek.com\/zlobek\/wp-content\/uploads\/2025\/02\/dzieci_zabawa-300x203.png 300w\" sizes=\"auto, (max-width: 237px) 100vw, 237px\" \/>Ka\u017cdy dzie\u0144 to nowa przygoda, mn\u00f3stwo u\u015bmiech\u00f3w, zabawy i nauki! Dzieci rozwijaj\u0105 swoje talenty, poznaj\u0105 \u015bwiat! \u201eW naszym \u017c\u0142obku jest weso\u0142o, zadowolone buzie w oko\u0142o.\u201d \u2013 ten wierszyk idealnie odzwierciedla atmosfer\u0119 w naszym \u017c\u0142obku. Zapraszamy do obejrzenia fotorelacji z zaj\u0119\u0107.<\/p>\nngg_shortcode_0_placeholder\n","protected":false},"excerpt":{"rendered":"<p>Ka\u017cdy dzie\u0144 to nowa przygoda, mn\u00f3stwo u\u015bmiech\u00f3w, zabawy i nauki! Dzieci rozwijaj\u0105 swoje talenty, poznaj\u0105 \u015bwiat! \u201eW naszym \u017c\u0142obku jest weso\u0142o, zadowolone buzie w oko\u0142o.\u201d \u2013 ten wierszyk idealnie odzwierciedla atmosfer\u0119 w naszym \u017c\u0142obku. Zapraszamy do obejrzenia fotorelacji z zaj\u0119\u0107.<\/p>\n","protected":false},"author":1,"featured_media":0,"parent":4413,"menu_order":0,"comment_status":"closed","ping_status":"closed","template":"szablon-galeria-submenu.php","meta":{"ngg_post_thumbnail":0,"footnotes":""},"class_list":["post-5182","page","type-page","status-publish","hentry"],"_links":{"self":[{"href":"https:\/\/bajkowydworek.com\/zlobek\/index.php?rest_route=\/wp\/v2\/pages\/5182","targetHints":{"allow":["GET"]}}],"collection":[{"href":"https:\/\/bajkowydworek.com\/zlobek\/index.php?rest_route=\/wp\/v2\/pages"}],"about":[{"href":"https:\/\/bajkowydworek.com\/zlobek\/index.php?rest_route=\/wp\/v2\/types\/page"}],"author":[{"embeddable":true,"href":"https:\/\/bajkowydworek.com\/zlobek\/index.php?rest_route=\/wp\/v2\/users\/1"}],"replies":[{"embeddable":true,"href":"https:\/\/bajkowydworek.com\/zlobek\/index.php?rest_route=%2Fwp%2Fv2%2Fcomments&post=5182"}],"version-history":[{"count":2,"href":"https:\/\/bajkowydworek.com\/zlobek\/index.php?rest_route=\/wp\/v2\/pages\/5182\/revisions"}],"predecessor-version":[{"id":5185,"href":"https:\/\/bajkowydworek.com\/zlobek\/index.php?rest_route=\/wp\/v2\/pages\/5182\/revisions\/5185"}],"up":[{"embeddable":true,"href":"https:\/\/bajkowydworek.com\/zlobek\/index.php?rest_route=\/wp\/v2\/pages\/4413"}],"wp:attachment":[{"href":"https:\/\/bajkowydworek.com\/zlobek\/index.php?rest_route=%2Fwp%2Fv2%2Fmedia&parent=5182"}],"curies":[{"name":"wp","href":"https:\/\/api.w.org\/{rel}","templated":true}]}}