{"id":4468,"date":"2024-11-04T18:19:23","date_gmt":"2024-11-04T17:19:23","guid":{"rendered":"https:\/\/bajkowydworek.com\/zlobek\/?page_id=4468"},"modified":"2024-11-04T18:20:37","modified_gmt":"2024-11-04T17:20:37","slug":"swieto-dyni","status":"publish","type":"page","link":"https:\/\/bajkowydworek.com\/zlobek\/?page_id=4468","title":{"rendered":"\u015awi\u0119to dyni"},"content":{"rendered":"<blockquote>\n<p style=\"text-align: center;\">\u201eJak przyjemnie i weso\u0142o<br \/>\nkiedy dynia kr\u0105\u017cy wko\u0142o<br \/>\nDynia tu, dynia tam<br \/>\ndynia kr\u0105\u017cy tu i tam\u201d.<\/p>\n<\/blockquote>\n<p style=\"text-align: justify;\"><img loading=\"lazy\" decoding=\"async\" class=\"alignleft  wp-image-3395\" src=\"https:\/\/bajkowydworek.com\/zlobek\/wp-content\/uploads\/2021\/11\/dzien_dyni.jpg\" alt=\"\" width=\"160\" height=\"116\" \/>Maluchy z grup: \u201eBiedroneczki\u201d, \u201ePszcz\u00f3\u0142ki\u201d \u201e\u017babki\u201d, \u201eRybki\u201d, \u201eMisie\u201d oraz \u201eMotylki\u201d obchodzi\u0142y \u015awi\u0119to Dyni &#8211; kr\u00f3lowej warzyw. Dynia to bardzo zdrowe, urodziwe, wdzi\u0119czne i \u0142atwe do wsp\u00f3\u0142pracy warzywo. Dzieci z ch\u0119ci\u0105 uczestniczy\u0142y w r\u00f3\u017cnych tematycznych grach i zabawach. Na pewno ten dzie\u0144 pozostanie d\u0142ugo w naszej pami\u0119ci.<br \/>\nngg_shortcode_0_placeholder<\/p>\n","protected":false},"excerpt":{"rendered":"<p>\u201eJak przyjemnie i weso\u0142o kiedy dynia kr\u0105\u017cy wko\u0142o Dynia tu, dynia tam dynia kr\u0105\u017cy tu i tam\u201d. Maluchy z grup: \u201eBiedroneczki\u201d, \u201ePszcz\u00f3\u0142ki\u201d \u201e\u017babki\u201d, \u201eRybki\u201d, \u201eMisie\u201d oraz \u201eMotylki\u201d obchodzi\u0142y \u015awi\u0119to Dyni &#8211; kr\u00f3lowej warzyw. Dynia to bardzo zdrowe, urodziwe, wdzi\u0119czne i \u0142atwe do wsp\u00f3\u0142pracy warzywo. Dzieci z ch\u0119ci\u0105 uczestniczy\u0142y w r\u00f3\u017cnych tematycznych grach i zabawach. Na [&hellip;]<\/p>\n","protected":false},"author":1,"featured_media":0,"parent":4413,"menu_order":0,"comment_status":"closed","ping_status":"closed","template":"szablon-galeria-submenu.php","meta":{"ngg_post_thumbnail":0,"footnotes":""},"class_list":["post-4468","page","type-page","status-publish","hentry"],"_links":{"self":[{"href":"https:\/\/bajkowydworek.com\/zlobek\/index.php?rest_route=\/wp\/v2\/pages\/4468","targetHints":{"allow":["GET"]}}],"collection":[{"href":"https:\/\/bajkowydworek.com\/zlobek\/index.php?rest_route=\/wp\/v2\/pages"}],"about":[{"href":"https:\/\/bajkowydworek.com\/zlobek\/index.php?rest_route=\/wp\/v2\/types\/page"}],"author":[{"embeddable":true,"href":"https:\/\/bajkowydworek.com\/zlobek\/index.php?rest_route=\/wp\/v2\/users\/1"}],"replies":[{"embeddable":true,"href":"https:\/\/bajkowydworek.com\/zlobek\/index.php?rest_route=%2Fwp%2Fv2%2Fcomments&post=4468"}],"version-history":[{"count":1,"href":"https:\/\/bajkowydworek.com\/zlobek\/index.php?rest_route=\/wp\/v2\/pages\/4468\/revisions"}],"predecessor-version":[{"id":4469,"href":"https:\/\/bajkowydworek.com\/zlobek\/index.php?rest_route=\/wp\/v2\/pages\/4468\/revisions\/4469"}],"up":[{"embeddable":true,"href":"https:\/\/bajkowydworek.com\/zlobek\/index.php?rest_route=\/wp\/v2\/pages\/4413"}],"wp:attachment":[{"href":"https:\/\/bajkowydworek.com\/zlobek\/index.php?rest_route=%2Fwp%2Fv2%2Fmedia&parent=4468"}],"curies":[{"name":"wp","href":"https:\/\/api.w.org\/{rel}","templated":true}]}}