{"id":4423,"date":"2024-09-18T20:40:25","date_gmt":"2024-09-18T18:40:25","guid":{"rendered":"https:\/\/bajkowydworek.com\/zlobek\/?page_id=4423"},"modified":"2024-09-18T20:42:52","modified_gmt":"2024-09-18T18:42:52","slug":"miedzynarodowy-dzien-kropki","status":"publish","type":"page","link":"https:\/\/bajkowydworek.com\/zlobek\/?page_id=4423","title":{"rendered":"Mi\u0119dzynarodowy Dzie\u0144 Kropki"},"content":{"rendered":"<p style=\"text-align: justify;\"><img loading=\"lazy\" decoding=\"async\" class=\"alignleft  wp-image-4425\" src=\"https:\/\/bajkowydworek.com\/zlobek\/wp-content\/uploads\/2024\/09\/dzien_kropki-1024x768.jpg\" alt=\"\" width=\"213\" height=\"160\" srcset=\"https:\/\/bajkowydworek.com\/zlobek\/wp-content\/uploads\/2024\/09\/dzien_kropki-1024x768.jpg 1024w, https:\/\/bajkowydworek.com\/zlobek\/wp-content\/uploads\/2024\/09\/dzien_kropki-300x225.jpg 300w, https:\/\/bajkowydworek.com\/zlobek\/wp-content\/uploads\/2024\/09\/dzien_kropki-768x576.jpg 768w, https:\/\/bajkowydworek.com\/zlobek\/wp-content\/uploads\/2024\/09\/dzien_kropki.jpg 1029w\" sizes=\"auto, (max-width: 213px) 100vw, 213px\" \/>16 wrze\u015bnia 2024 r. dzieci z \u201eBajkowego Dworku\u201d po raz kolejny aktywnie w\u0142\u0105czy\u0142y si\u0119 w obchody Mi\u0119dzynarodowego Dnia Kropki. Jest to \u015bwi\u0119to kreatywno\u015bci, odwagi, talentu, wiary i zabawy. Motywem przewodnim jest kropka. Dzie\u0144 ten zacz\u0105\u0142 si\u0119 od obejrzenia historii ma\u0142ej Vashti, kt\u00f3ra nie wierzy\u0142a w swoje mo\u017cliwo\u015bci plastyczne, ale dzi\u0119ki malutkiej kropce i nauczycielce plastyki uwierzy\u0142a w siebie. Celem tego \u015bwi\u0119ta jest pomoc dzieciom w odkrywaniu w\u0142asnych talent\u00f3w, poznawaniu mocnych stron i wyrabianiu wiary we w\u0142asne mo\u017cliwo\u015bci. Z tej okazji powsta\u0142y \u201ekropkowe\u201d dzie\u0142a sztuki. Dzieci ozdobi\u0142y kropkami drzwi, a ka\u017cde z nich by\u0142y inne i wyj\u0105tkowe.ngg_shortcode_0_placeholder<\/p>\n","protected":false},"excerpt":{"rendered":"<p>16 wrze\u015bnia 2024 r. dzieci z \u201eBajkowego Dworku\u201d po raz kolejny aktywnie w\u0142\u0105czy\u0142y si\u0119 w obchody Mi\u0119dzynarodowego Dnia Kropki. Jest to \u015bwi\u0119to kreatywno\u015bci, odwagi, talentu, wiary i zabawy. Motywem przewodnim jest kropka. Dzie\u0144 ten zacz\u0105\u0142 si\u0119 od obejrzenia historii ma\u0142ej Vashti, kt\u00f3ra nie wierzy\u0142a w swoje mo\u017cliwo\u015bci plastyczne, ale dzi\u0119ki malutkiej kropce i nauczycielce plastyki [&hellip;]<\/p>\n","protected":false},"author":1,"featured_media":0,"parent":4413,"menu_order":0,"comment_status":"closed","ping_status":"closed","template":"szablon-galeria-submenu.php","meta":{"ngg_post_thumbnail":0,"footnotes":""},"class_list":["post-4423","page","type-page","status-publish","hentry"],"_links":{"self":[{"href":"https:\/\/bajkowydworek.com\/zlobek\/index.php?rest_route=\/wp\/v2\/pages\/4423","targetHints":{"allow":["GET"]}}],"collection":[{"href":"https:\/\/bajkowydworek.com\/zlobek\/index.php?rest_route=\/wp\/v2\/pages"}],"about":[{"href":"https:\/\/bajkowydworek.com\/zlobek\/index.php?rest_route=\/wp\/v2\/types\/page"}],"author":[{"embeddable":true,"href":"https:\/\/bajkowydworek.com\/zlobek\/index.php?rest_route=\/wp\/v2\/users\/1"}],"replies":[{"embeddable":true,"href":"https:\/\/bajkowydworek.com\/zlobek\/index.php?rest_route=%2Fwp%2Fv2%2Fcomments&post=4423"}],"version-history":[{"count":2,"href":"https:\/\/bajkowydworek.com\/zlobek\/index.php?rest_route=\/wp\/v2\/pages\/4423\/revisions"}],"predecessor-version":[{"id":4426,"href":"https:\/\/bajkowydworek.com\/zlobek\/index.php?rest_route=\/wp\/v2\/pages\/4423\/revisions\/4426"}],"up":[{"embeddable":true,"href":"https:\/\/bajkowydworek.com\/zlobek\/index.php?rest_route=\/wp\/v2\/pages\/4413"}],"wp:attachment":[{"href":"https:\/\/bajkowydworek.com\/zlobek\/index.php?rest_route=%2Fwp%2Fv2%2Fmedia&parent=4423"}],"curies":[{"name":"wp","href":"https:\/\/api.w.org\/{rel}","templated":true}]}}