{"id":18,"date":"2014-07-02T19:49:49","date_gmt":"2014-07-02T17:49:49","guid":{"rendered":"https:\/\/bajkowydworek.com\/zlobek\/?page_id=18"},"modified":"2020-02-24T20:10:29","modified_gmt":"2020-02-24T19:10:29","slug":"kontakt","status":"publish","type":"page","link":"https:\/\/bajkowydworek.com\/zlobek\/?page_id=18","title":{"rendered":"Kontakt"},"content":{"rendered":"<p><strong>Zg\u0142oszenia do \u017b\u0142obka Niepublicznego Bajkowy Dworek s.c. przyjmujemy pod adresem:<\/strong><\/p>\n<p>ul. Ko\u015bciuszki 26<br \/>\n06-500 M\u0142awa<br \/>\ntel. 023 654 64 75<br \/>\nkom. 660 854 117<br \/>\ne-mail:<\/p>\n<p><strong>dyrektor: El\u017cbieta Kaczan<\/strong><br \/>\n<a href=\"mailto:e.kaczan@bajkowydworek.com\">e.kaczan@bajkowydworek.com<\/a><\/p>\n<p><strong>wicedyrektor: Joanna K\u0142os<br \/>\n<\/strong><a href=\"mailto:j.klos@bajkowydworek.com\">j.klos@bajkowydworek.com<\/a><\/p>\n<p><strong>kierownik administracyjno-finansowy: Ma\u0142gorzata Nidzgorska<br \/>\n<\/strong><a href=\"mailto:m.nidzgorska@bajkowydworek.com\">m.nidzgorska@bajkowydworek.com<\/a><\/p>\n<p><strong>\u017b\u0142obek Niepubliczny Bajkowy Dworek s.c.<\/strong><\/p>\n<p>ul. Ko\u015bciuszki 26<br \/>\n06-500 M\u0142awa<br \/>\nNIP 569 183 42 35<br \/>\nREGON 141660164<\/p>\n<p>Nr wpisu do ewidencji szk\u00f3\u0142 i plac\u00f3wek niepublicznych OKS-4320\/7\/2009<\/p>\n<p>Nr wpisu do ewidencji \u017c\u0142obk\u00f3w i klub\u00f3w dzieci\u0119cych OKS.4420.5.2.2011<\/p>\n","protected":false},"excerpt":{"rendered":"<p>Zg\u0142oszenia do \u017b\u0142obka Niepublicznego Bajkowy Dworek s.c. przyjmujemy pod adresem: ul. Ko\u015bciuszki 26 06-500 M\u0142awa tel. 023 654 64 75 kom. 660 854 117 e-mail: dyrektor: El\u017cbieta Kaczan e.kaczan@bajkowydworek.com wicedyrektor: Joanna K\u0142os j.klos@bajkowydworek.com kierownik administracyjno-finansowy: Ma\u0142gorzata Nidzgorska m.nidzgorska@bajkowydworek.com \u017b\u0142obek Niepubliczny Bajkowy Dworek s.c. ul. Ko\u015bciuszki 26 06-500 M\u0142awa NIP 569 183 42 35 REGON 141660164 [&hellip;]<\/p>\n","protected":false},"author":1,"featured_media":0,"parent":0,"menu_order":0,"comment_status":"closed","ping_status":"open","template":"szablon-kontakt.php","meta":{"ngg_post_thumbnail":0,"footnotes":""},"class_list":["post-18","page","type-page","status-publish","hentry"],"_links":{"self":[{"href":"https:\/\/bajkowydworek.com\/zlobek\/index.php?rest_route=\/wp\/v2\/pages\/18","targetHints":{"allow":["GET"]}}],"collection":[{"href":"https:\/\/bajkowydworek.com\/zlobek\/index.php?rest_route=\/wp\/v2\/pages"}],"about":[{"href":"https:\/\/bajkowydworek.com\/zlobek\/index.php?rest_route=\/wp\/v2\/types\/page"}],"author":[{"embeddable":true,"href":"https:\/\/bajkowydworek.com\/zlobek\/index.php?rest_route=\/wp\/v2\/users\/1"}],"replies":[{"embeddable":true,"href":"https:\/\/bajkowydworek.com\/zlobek\/index.php?rest_route=%2Fwp%2Fv2%2Fcomments&post=18"}],"version-history":[{"count":19,"href":"https:\/\/bajkowydworek.com\/zlobek\/index.php?rest_route=\/wp\/v2\/pages\/18\/revisions"}],"predecessor-version":[{"id":2431,"href":"https:\/\/bajkowydworek.com\/zlobek\/index.php?rest_route=\/wp\/v2\/pages\/18\/revisions\/2431"}],"wp:attachment":[{"href":"https:\/\/bajkowydworek.com\/zlobek\/index.php?rest_route=%2Fwp%2Fv2%2Fmedia&parent=18"}],"curies":[{"name":"wp","href":"https:\/\/api.w.org\/{rel}","templated":true}]}}