{"id":8989,"date":"2022-12-05T14:14:22","date_gmt":"2022-12-05T13:14:22","guid":{"rendered":"https:\/\/bajkowydworek.com\/przedszkole\/?page_id=8989"},"modified":"2024-07-05T13:39:57","modified_gmt":"2024-07-05T11:39:57","slug":"grupa-jezyki-i-sowki-las-jesienia","status":"publish","type":"page","link":"https:\/\/bajkowydworek.com\/przedszkole\/?page_id=8989","title":{"rendered":"grupa Je\u017cyki i S\u00f3wki &#8211; Las jesieni\u0105"},"content":{"rendered":"ngg_shortcode_0_placeholder\n","protected":false},"excerpt":{"rendered":"","protected":false},"author":1,"featured_media":0,"parent":8910,"menu_order":0,"comment_status":"closed","ping_status":"closed","template":"szablon-projekty-edukacyjne_2022-2023.php","meta":{"_uag_custom_page_level_css":"","ngg_post_thumbnail":0,"footnotes":""},"class_list":["post-8989","page","type-page","status-publish","hentry"],"uagb_featured_image_src":{"full":false,"thumbnail":false,"medium":false,"medium_large":false,"large":false,"1536x1536":false,"2048x2048":false,"post-thumbnail":false},"uagb_author_info":{"display_name":"Bajkowy Dworek","author_link":"https:\/\/bajkowydworek.com\/przedszkole\/?author=1"},"uagb_comment_info":0,"uagb_excerpt":null,"_links":{"self":[{"href":"https:\/\/bajkowydworek.com\/przedszkole\/index.php?rest_route=\/wp\/v2\/pages\/8989","targetHints":{"allow":["GET"]}}],"collection":[{"href":"https:\/\/bajkowydworek.com\/przedszkole\/index.php?rest_route=\/wp\/v2\/pages"}],"about":[{"href":"https:\/\/bajkowydworek.com\/przedszkole\/index.php?rest_route=\/wp\/v2\/types\/page"}],"author":[{"embeddable":true,"href":"https:\/\/bajkowydworek.com\/przedszkole\/index.php?rest_route=\/wp\/v2\/users\/1"}],"replies":[{"embeddable":true,"href":"https:\/\/bajkowydworek.com\/przedszkole\/index.php?rest_route=%2Fwp%2Fv2%2Fcomments&post=8989"}],"version-history":[{"count":1,"href":"https:\/\/bajkowydworek.com\/przedszkole\/index.php?rest_route=\/wp\/v2\/pages\/8989\/revisions"}],"predecessor-version":[{"id":8995,"href":"https:\/\/bajkowydworek.com\/przedszkole\/index.php?rest_route=\/wp\/v2\/pages\/8989\/revisions\/8995"}],"up":[{"embeddable":true,"href":"https:\/\/bajkowydworek.com\/przedszkole\/index.php?rest_route=\/wp\/v2\/pages\/8910"}],"wp:attachment":[{"href":"https:\/\/bajkowydworek.com\/przedszkole\/index.php?rest_route=%2Fwp%2Fv2%2Fmedia&parent=8989"}],"curies":[{"name":"wp","href":"https:\/\/api.w.org\/{rel}","templated":true}]}}

grupa Jeżyki i Sówki &#8211; Las jesienią
